[INFO] cloning repository https://github.com/kbknapp/corectl
[INFO] running `Command { std: "git" "-c" "credential.helper=" "-c" "credential.helper=/workspace/cargo-home/bin/git-credential-null" "clone" "--bare" "https://github.com/kbknapp/corectl" "/workspace/cache/git-repos/https%3A%2F%2Fgithub.com%2Fkbknapp%2Fcorectl", kill_on_drop: false }`
[INFO] [stderr] Cloning into bare repository '/workspace/cache/git-repos/https%3A%2F%2Fgithub.com%2Fkbknapp%2Fcorectl'...
[INFO] running `Command { std: "git" "rev-parse" "HEAD", kill_on_drop: false }`
[INFO] [stdout] 94d41ef0533c17f8a5fe712ca89b6a611a59024c
[INFO] checking kbknapp/corectl against try#72f88fc4e9458f89516a0b8b0868f3718aec5b47 for pr-74989
[INFO] running `Command { std: "git" "clone" "/workspace/cache/git-repos/https%3A%2F%2Fgithub.com%2Fkbknapp%2Fcorectl" "/workspace/builds/worker-1/source", kill_on_drop: false }`
[INFO] [stderr] Cloning into '/workspace/builds/worker-1/source'...
[INFO] [stderr] done.
[INFO] validating manifest of git repo https://github.com/kbknapp/corectl on toolchain 72f88fc4e9458f89516a0b8b0868f3718aec5b47
[INFO] running `Command { std: "/workspace/cargo-home/bin/cargo" "+72f88fc4e9458f89516a0b8b0868f3718aec5b47" "read-manifest" "--manifest-path" "Cargo.toml", kill_on_drop: false }`
[INFO] started tweaking git repo https://github.com/kbknapp/corectl
[INFO] finished tweaking git repo https://github.com/kbknapp/corectl
[INFO] tweaked toml for git repo https://github.com/kbknapp/corectl written to /workspace/builds/worker-1/source/Cargo.toml
[INFO] crate git repo https://github.com/kbknapp/corectl already has a lockfile, it will not be regenerated
[INFO] running `Command { std: "/workspace/cargo-home/bin/cargo" "+72f88fc4e9458f89516a0b8b0868f3718aec5b47" "fetch" "--locked" "--manifest-path" "Cargo.toml", kill_on_drop: false }`
[INFO] [stderr] error: the lock file /workspace/builds/worker-1/source/Cargo.lock needs to be updated but --locked was passed to prevent this
[INFO] [stderr] If you want to try to generate the lock file without accessing the network, use the --offline flag.
[INFO] the lockfile is outdated, regenerating it
[INFO] running `Command { std: "/workspace/cargo-home/bin/cargo" "+72f88fc4e9458f89516a0b8b0868f3718aec5b47" "generate-lockfile" "--manifest-path" "Cargo.toml" "-Zno-index-update", kill_on_drop: false }`
[INFO] running `Command { std: "/workspace/cargo-home/bin/cargo" "+72f88fc4e9458f89516a0b8b0868f3718aec5b47" "fetch" "--locked" "--manifest-path" "Cargo.toml", kill_on_drop: false }`
[INFO] running `Command { std: "docker" "create" "-v" "/var/lib/crater-agent-workspace/builds/worker-1/target:/opt/rustwide/target:rw,Z" "-v" "/var/lib/crater-agent-workspace/builds/worker-1/source:/opt/rustwide/workdir:ro,Z" "-v" "/var/lib/crater-agent-workspace/cargo-home:/opt/rustwide/cargo-home:ro,Z" "-v" "/var/lib/crater-agent-workspace/rustup-home:/opt/rustwide/rustup-home:ro,Z" "-e" "SOURCE_DIR=/opt/rustwide/workdir" "-e" "CARGO_TARGET_DIR=/opt/rustwide/target" "-e" "CARGO_HOME=/opt/rustwide/cargo-home" "-e" "RUSTUP_HOME=/opt/rustwide/rustup-home" "-w" "/opt/rustwide/workdir" "-m" "1610612736" "--user" "0:0" "--network" "none" "rustops/crates-build-env@sha256:d92eaeed33fa75130ca1ee6c8a01d1ffb62bac859dfdfb3450e3e5d1c0146529" "/opt/rustwide/cargo-home/bin/cargo" "+72f88fc4e9458f89516a0b8b0868f3718aec5b47" "metadata" "--no-deps" "--format-version=1", kill_on_drop: false }`
[INFO] [stdout] 33279f5b1d0e896c1c957490e4bd801a0a205d8f4cf99191e73178d7f7fdd19b
[INFO] [stderr] WARNING: Your kernel does not support swap limit capabilities or the cgroup is not mounted. Memory limited without swap.
[INFO] running `Command { std: "docker" "start" "-a" "33279f5b1d0e896c1c957490e4bd801a0a205d8f4cf99191e73178d7f7fdd19b", kill_on_drop: false }`
[INFO] running `Command { std: "docker" "inspect" "33279f5b1d0e896c1c957490e4bd801a0a205d8f4cf99191e73178d7f7fdd19b", kill_on_drop: false }`
[INFO] running `Command { std: "docker" "rm" "-f" "33279f5b1d0e896c1c957490e4bd801a0a205d8f4cf99191e73178d7f7fdd19b", kill_on_drop: false }`
[INFO] [stdout] 33279f5b1d0e896c1c957490e4bd801a0a205d8f4cf99191e73178d7f7fdd19b
[INFO] running `Command { std: "docker" "create" "-v" "/var/lib/crater-agent-workspace/builds/worker-1/target:/opt/rustwide/target:rw,Z" "-v" "/var/lib/crater-agent-workspace/builds/worker-1/source:/opt/rustwide/workdir:ro,Z" "-v" "/var/lib/crater-agent-workspace/cargo-home:/opt/rustwide/cargo-home:ro,Z" "-v" "/var/lib/crater-agent-workspace/rustup-home:/opt/rustwide/rustup-home:ro,Z" "-e" "SOURCE_DIR=/opt/rustwide/workdir" "-e" "CARGO_TARGET_DIR=/opt/rustwide/target" "-e" "CARGO_INCREMENTAL=0" "-e" "RUST_BACKTRACE=full" "-e" "RUSTFLAGS=--cap-lints=forbid" "-e" "CARGO_HOME=/opt/rustwide/cargo-home" "-e" "RUSTUP_HOME=/opt/rustwide/rustup-home" "-w" "/opt/rustwide/workdir" "-m" "1610612736" "--user" "0:0" "--network" "none" "rustops/crates-build-env@sha256:d92eaeed33fa75130ca1ee6c8a01d1ffb62bac859dfdfb3450e3e5d1c0146529" "/opt/rustwide/cargo-home/bin/cargo" "+72f88fc4e9458f89516a0b8b0868f3718aec5b47" "check" "--frozen" "--all" "--all-targets" "--message-format=json", kill_on_drop: false }`
[INFO] [stdout] 17a1df503bf60d816bf9554d403d650389f20fb86ba3b3c570825c07a0af4d17
[INFO] [stderr] WARNING: Your kernel does not support swap limit capabilities or the cgroup is not mounted. Memory limited without swap.
[INFO] running `Command { std: "docker" "start" "-a" "17a1df503bf60d816bf9554d403d650389f20fb86ba3b3c570825c07a0af4d17", kill_on_drop: false }`
[INFO] [stderr]     Checking ansi_term v0.11.0
[INFO] [stderr]     Checking vec_map v0.8.2
[INFO] [stderr]     Checking textwrap v0.11.0
[INFO] [stderr]     Checking clap v2.33.3
[INFO] [stderr]     Checking corectl v0.0.1 (/opt/rustwide/workdir)
[INFO] [stdout] error[E0599]: no function or associated item named `new` found for struct `SubCommand<'_>` in the current scope
[INFO] [stdout]   --> src/main.rs:14:49
[INFO] [stdout]    |
[INFO] [stdout] 14 |                         .subcommand(SubCommand::new("deploy")
[INFO] [stdout]    |                                                 ^^^ function or associated item not found in `SubCommand<'_>`
[INFO] [stdout] 
[INFO] [stdout] 
[INFO] [stdout] error[E0599]: no function or associated item named `new` found for struct `SubCommand<'_>` in the current scope
[INFO] [stdout]   --> src/main.rs:17:49
[INFO] [stdout]    |
[INFO] [stdout] 17 |                         .subcommand(SubCommand::new("service")
[INFO] [stdout]    |                                                 ^^^ function or associated item not found in `SubCommand<'_>`
[INFO] [stdout] 
[INFO] [stdout] 
[INFO] [stdout] error[E0599]: no function or associated item named `new` found for struct `SubCommand<'_>` in the current scope
[INFO] [stdout]   --> src/main.rs:19:53
[INFO] [stdout]    |
[INFO] [stdout] 19 | ...                   .subcommand(SubCommand::new("add")
[INFO] [stdout]    |                                               ^^^ function or associated item not found in `SubCommand<'_>`
[INFO] [stdout] 
[INFO] [stdout] 
[INFO] [stdout] error[E0599]: no function or associated item named `new` found for struct `SubCommand<'_>` in the current scope
[INFO] [stdout]   --> src/main.rs:23:53
[INFO] [stdout]    |
[INFO] [stdout] 23 | ...                   .subcommand(SubCommand::new("scale")
[INFO] [stdout]    |                                               ^^^ function or associated item not found in `SubCommand<'_>`
[INFO] [stdout] 
[INFO] [stdout] 
[INFO] [stdout] error[E0599]: no function or associated item named `new` found for struct `SubCommand<'_>` in the current scope
[INFO] [stdout]   --> src/main.rs:27:53
[INFO] [stdout]    |
[INFO] [stdout] 27 | ...                   .subcommand(SubCommand::new("remove")
[INFO] [stdout]    |                                               ^^^ function or associated item not found in `SubCommand<'_>`
[INFO] [stdout] 
[INFO] [stdout] 
[INFO] [stdout] error: aborting due to 5 previous errors
[INFO] [stdout] 
[INFO] [stdout] 
[INFO] [stdout] For more information about this error, try `rustc --explain E0599`.
[INFO] [stdout] 
[INFO] [stderr] error: could not compile `corectl`.
[INFO] [stderr] 
[INFO] [stderr] To learn more, run the command again with --verbose.
[INFO] [stderr] warning: build failed, waiting for other jobs to finish...
[INFO] [stdout] error[E0599]: no function or associated item named `new` found for struct `SubCommand<'_>` in the current scope
[INFO] [stdout]   --> src/main.rs:14:49
[INFO] [stdout]    |
[INFO] [stdout] 14 |                         .subcommand(SubCommand::new("deploy")
[INFO] [stdout]    |                                                 ^^^ function or associated item not found in `SubCommand<'_>`
[INFO] [stdout] 
[INFO] [stdout] 
[INFO] [stdout] error[E0599]: no function or associated item named `new` found for struct `SubCommand<'_>` in the current scope
[INFO] [stdout]   --> src/main.rs:17:49
[INFO] [stdout]    |
[INFO] [stdout] 17 |                         .subcommand(SubCommand::new("service")
[INFO] [stdout]    |                                                 ^^^ function or associated item not found in `SubCommand<'_>`
[INFO] [stdout] 
[INFO] [stdout] 
[INFO] [stdout] error[E0599]: no function or associated item named `new` found for struct `SubCommand<'_>` in the current scope
[INFO] [stdout]   --> src/main.rs:19:53
[INFO] [stdout]    |
[INFO] [stdout] 19 | ...                   .subcommand(SubCommand::new("add")
[INFO] [stdout]    |                                               ^^^ function or associated item not found in `SubCommand<'_>`
[INFO] [stdout] 
[INFO] [stdout] 
[INFO] [stdout] error[E0599]: no function or associated item named `new` found for struct `SubCommand<'_>` in the current scope
[INFO] [stdout]   --> src/main.rs:23:53
[INFO] [stdout]    |
[INFO] [stdout] 23 | ...                   .subcommand(SubCommand::new("scale")
[INFO] [stdout]    |                                               ^^^ function or associated item not found in `SubCommand<'_>`
[INFO] [stdout] 
[INFO] [stdout] 
[INFO] [stdout] error[E0599]: no function or associated item named `new` found for struct `SubCommand<'_>` in the current scope
[INFO] [stdout]   --> src/main.rs:27:53
[INFO] [stdout]    |
[INFO] [stdout] 27 | ...                   .subcommand(SubCommand::new("remove")
[INFO] [stdout]    |                                               ^^^ function or associated item not found in `SubCommand<'_>`
[INFO] [stdout] 
[INFO] [stdout] 
[INFO] [stdout] error: aborting due to 5 previous errors
[INFO] [stdout] 
[INFO] [stdout] 
[INFO] [stdout] For more information about this error, try `rustc --explain E0599`.
[INFO] [stdout] 
[INFO] [stderr] error: build failed
[INFO] running `Command { std: "docker" "inspect" "17a1df503bf60d816bf9554d403d650389f20fb86ba3b3c570825c07a0af4d17", kill_on_drop: false }`
[INFO] running `Command { std: "docker" "rm" "-f" "17a1df503bf60d816bf9554d403d650389f20fb86ba3b3c570825c07a0af4d17", kill_on_drop: false }`
[INFO] [stdout] 17a1df503bf60d816bf9554d403d650389f20fb86ba3b3c570825c07a0af4d17
